digit of 16066?
1
What is the tens digit of 95971?
7
What is the hundreds digit of 558151?
1
What is the tens digit of 176695?
9
What is the hundred thousands digit of 777029?
7
What is the ten thousands digit of 1035075?
3
What is the hundreds digit of 207950?
9
What is the tens digit of 6848403?
0
What is the units digit of 16939564?
4
What is the hundreds digit of 8721838?
8
What is the millions digit of 1804562?
1
What is the hundred thousands digit of 8211574?
2
What is the units digit of 7870742?
2
What is the units digit of 12063938?
8
What is the millions digit of 10869809?
0
What is the units digit of 247831?
1
What is the units digit of 368200?
0
What is the thousands digit of 1052795?
2
What is the thousands digit of 85956?
5
What is the tens digit of 33717?
1
What is the millions digit of 12380945?
2
What is the hundreds digit of 317180?
1
What is the tens digit of 677455?
5
What is the tens digit of 807787?
8
What is the millions digit of 1669312?
1
What is the units digit of 2246809?
9
What is the hundreds digit of 189357?
3
What is the units digit of 40115224?
4
What is the hundreds digit of 8278130?
1
What is the units digit of 11954?
4
What is the units digit of 10214424?
4
What is the units digit of 318019?
9
What is the thousands digit of 598969?
8
What is the millions digit of 8381074?
8
What is the units digit of 192500?
0
What is the ten thousands digit of 1465044?
6
What is the units digit of 247589?
9
What is the hundred thousands digit of 874926?
8
What is the millions digit of 1182577?
1
What is the ten thousands digit of 106767?
0
What is the hundreds digit of 105470?
4
What is the hundred thousands digit of 1784706?
7
What is the millions digit of 1161704?
1
What is the tens digit of 11885174?
7
What is the hundreds digit of 171457?
4
What is the ten thousands digit of 3796855?
9
What is the millions digit of 4022431?
4
What is the millions digit of 13329210?
3
What is the ten thousands digit of 123959?
2
What is the tens digit of 53308?
0
What is the thousands digit of 444116?
4
What is the ten thousands digit of 487270?
8
What is the hundred thousands digit of 732585?
7
What is the thousands digit of 15867855?
7
What is the units digit of 3719135?
5
What is the thousands digit of 295830?
5
What is the thousands digit of 2910146?
0
What is the tens digit of 3322024?
2
What is the units digit of 1444714?
4
What is the hundreds digit of 198614?
6
What is the thousands digit of 1165931?
5
What is the hundreds digit of 42884?
8
What is the thousands digit of 1942385?
2
What is the tens digit of 798125?
2
What is the hundreds digit of 2592185?
1
What is the hundred thousands digit of 333508?
3
What is the ten thousands digit of 1675787?
7
What is the tens digit of 76815?
1
What is the hundreds digit of 1394815?
8
What is the thousands digit of 88960?
8
What is the tens digit of 443687?
8
What is the hundred thousands digit of 201327?
2
What is the tens digit of 1307422?
2
What is the units digit of 3899215?
5
What is the tens digit of 2126437?
3
What is the tens digit of 120242?
4
What is the ten thousands digit of 228606?
2
What is the tens digit of 8216976?
7
What is the ten thousands digit of 716019?
1
What is the hundreds digit of 105420?
4
What is the tens digit of 540368?
6
What is the units digit of 736883?
3
What is the units digit of 426694?
4
What is the units digit of 91190?
0
What is the hundreds digit of 4729808?
8
What is the hundreds digit of 16820?
8
What is the units digit of 16264197?
7
What is the tens digit of 255786?
8
What is the tens digit of 226596?
9
What is the tens digit of 15080?
8
What is the units digit of 149049?
9
What is the tens digit of 6998890?
9
What is the millions digit of 3765113?
3
What is the ten thousands digit of 1318340?
1
What is the thousands digit of 27829?
7
What is the thousands digit of 27379475?
9
What is the tens digit of 845594?
9
What is the thousands digit of 483348?
3
What is the hundreds digit of 138280?
2
What is the units digit of 414658?
8
What is the ten thousands digit of 240765?
4
What is the ten thousands digit of 996842?
9
What is the ten thousands digit of 85258?
8
What is the units digit of 3500184?
4
What is the hundreds digit of 408693?
6
What is the tens digit of 671911?
1
What is the hundreds digit of 3365579?
5
What is the thousands digit of 665197?
5
What is the thousands digit of 2567677?
7
What is the ten thousands digit of 17824319?
2
What is the millions digit of 5520592?
5
What is the thousands digit of 21701314?
1
What is the millions digit of 9450260?
9
What is the ten thousands digit of 433758?
3
What is the units digit of 1115400?
0
What is the hundreds digit of 379097?
0
What is the thousands digit of 1580013?
0
What is the tens digit of 3494167?
6
What is the thousands digit of 18252133?
2
What is the units digit of 993807?
7
What is the units digit of 1157181?
1
What is the hundreds digit of 94112?
1
What is the units digit of 1732622?
2
What is the millions digit of 6099459?
6
What is the ten thousands digit of 140617?
4
What is the hundred thousands digit of 21652260?
6
What is the tens digit of 745073?
7
What is the hundreds digit of 170818?
8
What is the units digit of 268814?
4
What is the tens digit of 1110870?
7
What is the tens digit of 149633?
3
What is the units digit of 190126?
6
What is the tens digit of 2514202?
0
What is the thousands digit of 661872?
1
What is the hundreds digit of 1253797?
7
What is the tens digit of 8271527?
2
What is the ten thousands digit of 85285?
8
What is the tens digit of 657813?
1
What is the hundreds digit of 790800?
8
What is the units digit of 526084?
4
What is the millions digit of 11848256?
1
What is the hundred thousands digit of 1216312?
2
What is the units digit of 1360654?
4
What is the thousands digit of 75525?
5
What is the hundreds digit of 51288?
2
What is the ten thousands digit of 8309307?
0
What is the tens digit of 1828421?
2
What is the hundred thousands digit of 404592?
4
What is the hundreds digit of 93205?
2
What is the ten thousands digit of 6405793?
0
What is the hundred thousands digit of 6294986?
2
What is the hundred thousands digit of 26720491?
7
What is the hundreds digit of 1457838?
8
What is the ten thousands digit of 4251269?
5
What is the hundreds digit of 5660247?
2
What is the tens digit of 601999?
9
What is the hundred thousands digit of 206642?
2
What is the hundred thousands digit of 319384?
3
What is the ten thousands digit of 398721?
9
What is the hundreds digit of 6346725?
7
What is the millions digit of 10390676?
0
What is the units digit of 619596?
6
What is the hundreds digit of 29868?
8
What is the thousands digit of 1263275?
3
What is the ten thousands digit of 8148419?
4
What is the hundreds digit of 16212163?
1
What is the tens digit of 7494?
9
What is the hundred thousands digit of 664765?
6
What is the thousands digit of 6439927?
9
What is the ten thousands digit of 15652073?
5
What is the hundred thousands digit of 3015496?
0
What is the tens digit of 7477223?
2
What is the ten millions digit of 28859973?
2
What is the thousands digit of 2164105?
4
What is the ten thousands digit of 177949?
7
What is the hundreds digit of 1731388?
3
What is the ten thousands digit of 9044847?
4
What is the ten thousands digit of 4065901?
6
What is the millions digit of 1197355?
1
What is the hundred thousands digit of 430320?
4
What is the hundreds digit of 2466424?
4
What is the ten thousands digit of 1000435?
0
What is the hundreds digit of 19398514?
5
What is the hundreds digit of 125439?
4
What is the ten thousands digit of 79051?
7
What is the hundred thousands digit of 1438784?
4
What is the tens digit of 10260057?
5
What is the ten millions digit of 15945046?
1
What is the ten thousands digit of 4279409?
7
What is the tens digit of 1945645?
4
What is the thousands digit of 26096893?
6
What is the units digit of 375863?
3
What is the hundreds digit of 1961007?
0
What is the units digit of 3518021?
1
What is the hundred thousands digit of 4915734?
9
What is the thousands digit of 5690169?
0
What is the millions digit of 4238674?
4
What is the units digit of 6715577?
7
What is the hundred thousands digit of 24322116?
3
What is the hundred thousands digi